ose -6*r + 11*r - j = 0. Let o = 914 + r. Is o a composite number?
True
Suppose 10*t - q - 2026125 = 0, -t - 15*q + 202633 = -11*q. Is t composite?
False
Let d be (5 - 11 - -7)*5/1. Let x(b) = 35*b**3 + 4*b**2 + 11*b + 1. Is x(d) a composite number?
True
Suppose 2*s + 985631 = 5*c, 4*c - 3392*s - 788495 = -3389*s. Is c a prime number?
False
Suppose 5*d = -l + 772875, -l - 34*d + 33*d = -772859. Is l a prime number?
False
Let y be (-1 + 67)/(-3)*(-6)/12. Suppose 0 = y*f - 9*f. Suppose f = -3*k + 1337 + 712. Is k a prime number?
True
Suppose 6*f - 3*j = 2*f + 64, 2*f = -2*j + 32. Suppose 0 = -15*z + f*z - 3273. Is z a prime number?
False
Let c = 5328 - 2998. Let f = -1276 + c. Let s = 1949 - f. Is s prime?
False
Suppose 61139 = z - 37*s + 40*s, 4*s - 305629 = -5*z. Is z prime?
True
Is (-1 + -2)/((-47)/(227520514/78)) a composite number?
False
Let x be (-2)/((-2)/13)*(-428)/(-1). Suppose -19043 = -4*p - 3*u + 3161, -p = 4*u - x. Suppose 10*n + p = 14*n. Is n composite?
True
Is (-2742)/(-1828)*(58020 - 3*2/(-9)) a composite number?
True
Let r(d) = d**3 + 6*d**2 + 3*d + 3. Let v be r(-3). Is (3 + -208)*v/(-35) a composite number?
True
Let z(f) = 140*f - 68. Let p be z(-10). Let l = -477 - p. Is l a composite number?
False
Let t(r) = 36*r**3 - 4*r**2 + 3*r + 3. Let h be t(2). Suppose -h*d + 280*d + 2333 = 0. Is d a composite number?
False
Let t = 27 - 25. Let r be ((-23328)/45)/(t/(-10)). Let p = r - 1754. Is p a composite number?
True
Let g = -16029 - -32798. Is g a prime number?
False
Let a(v) = 30789*v - 1426. Is a(3) a composite number?
True
Let c(n) = 29751*n - 56. Is c(1) a prime number?
False
Let r(d) = 235*d - 171. Let j(g) = 233*g - 174. Let w(b) = 7*j(b) - 6*r(b). Is w(19) a composite number?
False
Suppose 0*q - w = -2*q + 71, 3*q + 5*w - 113 = 0. Suppose -3*t = -5*z - 7*t + 534, 2 = 2*t. Let h = z + q. Is h a prime number?
False
Suppose -8*i = -6*i - 12. Suppose -8*k + i*k = 16. Is 15/(-10) + (-3060)/k a prime number?
False
Suppose 2*w - 3990 = 3*y - w, 2*w = -4*y - 5350. Let o = 800 - y. Let r = 3532 - o. Is r composite?
True
Suppose -729812 = -2*o - 3*q, -2*o = 306*q - 309*q - 729824. Is o prime?
True
Let v(t) = 409*t**2 - 69*t + 13. Is v(-11) prime?
True
Let m = 2972157 - 1859518. Is m prime?
False
Let v = 137 - 137. Suppose v = -j - 368 + 1587. Is j prime?
False
Suppose -5*f = 5*d - 608790, -121757 = 21*f - 22*f - 2*d. Is f composite?
True
Suppose -2*d + 13*a - 12*a = -947662, -4*d - 2*a = -1895340. Is d a prime number?
True
Let d(n) = -1359*n**3 + 12*n**2 + 21*n - 77. Is d(-7) a composite number?
True
Let d = -259 + 270. Suppose -d*z + 2648 + 13005 = 0. Is z a composite number?
False
Suppose 25*r - 618253 = -296791 + 683813. Is r a prime number?
False
Let k be 22/((13/(-455))/((-2)/(-5))). Let g = k - -2107. Is g a composite number?
True
Suppose 15*d - 1100 = 11*d. Suppose 5*l + d = 4*y, 0 = 2*l - 7*l + 5. Let r = 141 + y. Is r a prime number?
True
Suppose -b + 10 + 1079 = 5*l, 0 = l - 4*b - 201. Let w = 1182 + l. Is w prime?
True
Suppose 6*s - 253351 = 402095. Is s composite?
True
Suppose v + 5*y = 19589, -89*y + 87*y - 39250 = -2*v. Is v a prime number?
False
Suppose -28 - 12 = -4*w - 3*q, -4*w - q + 40 = 0. Suppose w*u = 2*u + 9736. Is u a prime number?
True
Let z(l) = 704*l**3 + 24*l - 77. Is z(3) a composite number?
True
Suppose -4*k + 58021 + 167383 = 0. Is k a composite number?
True
Let r be (1/3)/((-13)/94029)*-1. Suppose s - 259 - 964 = -2*t, -r = -2*s + 3*t. Is s composite?
False
Suppose 4*f = -0*f + 1924. Suppose -196*q + 666 = -193*q. Let i = f - q. Is i prime?
False
Let x(n) = -4*n + 560*n**3 + 2*n + 123*n**3 + n**2 + 4 + 16*n**3. Let l be x(2). Suppose -9*r = -13*r + l. Is r composite?
False
Is 6/57 + 0 + 19244856/152 prime?
True
Let q(o) = -10780*o**2 - o - 1. Let d be q(-2). Let l be (6/3)/((-18)/d). Suppose 1627 = -4*w + l. Is w prime?
False
Let t(m) = 207*m**3 - 17*m**2 - 40*m + 25. Is t(9) prime?
False
Let m = 184 - 180. Suppose -48931 = -m*y - 4*n - n, -6 = -2*n. Is y a prime number?
False
Is (1/(-5))/(26/65)*(-40092 - -14) a composite number?
True
Suppose 17*x = 12*x. Let u be ((-2609)/3)/((-3)/(-9)). Is (-10)/(-5 - x)*u/(-2) a prime number?
True
Suppose 80724 + 280688 = 4*r. Is r a prime number?
True
Let d(i) = -3096*i + 3607. Is d(-51) a prime number?
True
Suppose -12*q + 4*u - 36722 = -7*q, 36698 = -5*q - 4*u. Let z = 34385 + q. Is z a prime number?
True
Let z = -294650 + 2490732. Suppose -6*t = 43*t - z. Is t a composite number?
True
Suppose -3939 - 7670 = 13*h. Suppose -3*j + 5*v = 1676, 1931 = -3*j + v + 247. Let n = j - h. Is n prime?
True
Let n be (-7)/(((-14)/(-64))/7). Let l be (((-2664)/(-14))/(-2))/(48/n). Let d = l - 179. Is d a prime number?
False
Suppose i - 43 = -36. Suppose 11 = i*a - 24. Suppose a*h - 3702 = 7963. Is h a prime number?
True
Suppose -3*p - 2*t + 6 = 0, 8*p - t = 3*p - 3. Suppose 0*h - 2 = h, p = -4*q + h + 266. Suppose 61*w = q*w - 2365. Is w prime?
False
Is ((-278394)/(-6))/(-6 - (2 - 9)) prime?
True
Let b(c) = -c. Suppose 5*m - 51 = -61. Let t be b(m). Suppose 0*w + w + 5*s - 21 = 0, 5*w = -t*s + 36. Is w prime?
False
Suppose -52*r - 234231 = -55*r. Is r a composite number?
True
Let o(l) = 120*l + 61. Suppose -4*g + 71 = -9. Is o(g) composite?
True
Suppose 2*g - 3*i = 1109141, -2*i - 22 + 20 = 0. Is g a composite number?
False
Let x(k) = -1243*k - 89. Suppose -5*o - n - 24 = -o, 0 = 5*n. Is x(o) composite?
False
Let k(b) = 323*b**3 + 4*b**2 - 11*b - 7. Is k(3) a prime number?
False
Suppose 190*w - 11332824 = -39*w + 26086463. Is w a composite number?
False
Suppose -18*l + 155 = -133. Is (-3034)/(-8) - 4/l a prime number?
True
Suppose 2*z = -2*f - 0*f + 2, -f - 2*z + 6 = 0. Is 34/(-2)*(f - 79) a composite number?
True
Let f = 68658 + -7301. Is f a composite number?
False
Let i(n) = 5*n**2 + n - 77. Let l = 312 + -334. Is i(l) composite?
True
Is (70/(-21) + 4)/((-1326864)/(-663426) - 2) a composite number?
False
Let r(p) = 395*p**3 - 5*p**2 - 75*p + 539. Is r(8) composite?
True
Let r be (-22 - -12)*36/20*-1. Is -2*((-197955)/r)/5 prime?
False
Suppose 18*s - 618698 - 5281937 = 459827. Is s prime?
True
Suppose 6*j - 19 = -1. Suppose 0*k + 18 = j*k. Suppose k*s - 2*s - 4*c - 10436 = 0, 13045 = 5*s + c. Is s a composite number?
False
Suppose 0 = 5*f + 2*k - 1389475, 273*f = 271*f - k + 555789. Is f prime?
True
Suppose 41*h = 82 + 82. Suppose 0 = 3*s + 3*m - 6288, -10*s + 15*s + h*m = 10483. Is s a prime number?
True
Let b(p) = -53*p**2 - 5*p + 3. Let y be b(16). Let x = y - -6738. Is x*1/(-1)*1 composite?
False
Let v(b) = 194*b**2 - 53*b + 188. Is v(21) prime?
True
Let v(o) = -15*o - 34*o**2 + 17*o + 38*o**2. Let h be v(-1). Suppose 6*p = 2*p + 12, 3*p = -h*r + 2383. Is r a prime number?
True
Let b(h) be the first derivative of 14*h**3/3 - 8*h**2 - 17*h - 2828. Suppose -2*i - 8 = 12. Is b(i) composite?
False
Suppose 2*l - 59206 + 10620 = 0. Suppose 62143 - l = 10*p. Is p composite?
True
Suppose -27*d + 39064 + 68885 + 49920 = 0. Is d a prime number?
False
Let s(p) = -29 - 22 - 31 - 1723*p. Is s(-3) a prime number?
True
Suppose -40618 - 36967 = -5*y. Is y a composite number?
True
Let t(d) = 90*d + 37. Let p be t(6). Let b = -373 - -97. Let s = b + p. Is s prime?
False
Is 1506669 + (-64)/(-12)*24/32 composite?
True
Let m(g) = 18*g + 6*g - 3 - g**3 - 11*g + 3*g**2 - 2. Let k be m(5). Suppose -11*t + 907 = -k*t. Is t a composite number?
False
Let c(p) = -p**2 - 4*p**3 - 3*p - 23*p**3 + 4*p**2 + 4. Let j be c(3). Let a = -38 - j. Is a a prime number?
False
Is (-20 - (-1 - 33))/((-4)/(-141238)) composite?
True
Suppose 4*x = -h + 7, 5*h - x - 5 = -12. Let c(d) = d**3 + 2*d**2 + d. Let g be c(-5). Is (h + -19)*5/(g/652) a composite number?
True
Suppose 0 = -4*z - 4*u + 3398788, 3*u = -2923*z + 2924*z - 849673. Is z composite?
False
Suppose 178 + 857 = 5*m. Let o = -87 + m. Suppose y + r = o, -y + 83 = 4*r - 52. Is y composite?
True
Let p(v) = v + 3. Let g be p(4). Let m be -3*(0 - -1) - (g + -5). Is (-3933)/18*((m - -1) + 2) a prime number?
False
Suppose 5*b - 4*f = 63, -6*f + f - 10 = 0. Suppose b*r + 883 - 4491 = 0. Let j = r + -141. Is j prime?
False
Suppose -4*t - 165403 = -4*c + 64489, -3*c - 4*t + 172405 = 0. Is c a composite number?
True
Suppose 9*f + 23*f = 14*f + 636102. Is f a 